{"id":28,"date":"2022-08-31T10:39:31","date_gmt":"2022-08-31T08:39:31","guid":{"rendered":"https:\/\/solarairshipone.com\/?page_id=28"},"modified":"2023-06-09T14:55:36","modified_gmt":"2023-06-09T12:55:36","slug":"nous-rejoindre","status":"publish","type":"page","link":"https:\/\/euroairship.fumipartners.com\/index.php\/nous-rejoindre\/","title":{"rendered":"Nous rejoindre"},"content":{"rendered":"\t\t<div data-elementor-type=\"wp-page\" data-elementor-id=\"28\" class=\"elementor elementor-28\">\n\t\t\t\t\t\t<section class=\"elementor-section elementor-top-section elementor-element elementor-element-b39d031 elementor-section-boxed elementor-section-height-default elementor-section-height-default\" data-id=\"b39d031\" data-element_type=\"section\" data-e-type=\"section\" data-settings=\"{&quot;background_background&quot;:&quot;classic&quot;}\">\n\t\t\t\t\t\t<div class=\"elementor-container elementor-column-gap-default\">\n\t\t\t\t\t<div class=\"elementor-column elementor-col-50 elementor-top-column elementor-element elementor-element-93f313c\" data-id=\"93f313c\" data-element_type=\"column\" data-e-type=\"column\">\n\t\t\t<div class=\"elementor-widget-wrap elementor-element-populated\">\n\t\t\t\t\t\t<div class=\"elementor-element elementor-element-caba82d elementor-widget elementor-widget-spacer\" data-id=\"caba82d\" data-element_type=\"widget\" data-e-type=\"widget\" data-widget_type=\"spacer.default\">\n\t\t\t\t<div class=\"elementor-widget-container\">\n\t\t\t\t\t\t\t<div class=\"elementor-spacer\">\n\t\t\t<div class=\"elementor-spacer-inner\"><\/div>\n\t\t<\/div>\n\t\t\t\t\t\t<\/div>\n\t\t\t\t<\/div>\n\t\t\t\t\t<\/div>\n\t\t<\/div>\n\t\t\t\t<div class=\"elementor-column elementor-col-50 elementor-top-column elementor-element elementor-element-d666b82\" data-id=\"d666b82\" data-element_type=\"column\" data-e-type=\"column\">\n\t\t\t<div class=\"elementor-widget-wrap elementor-element-populated\">\n\t\t\t\t\t\t<div class=\"elementor-element elementor-element-6e83609 elementor-widget elementor-widget-spacer\" data-id=\"6e83609\" data-element_type=\"widget\" data-e-type=\"widget\" data-widget_type=\"spacer.default\">\n\t\t\t\t<div class=\"elementor-widget-container\">\n\t\t\t\t\t\t\t<div class=\"elementor-spacer\">\n\t\t\t<div class=\"elementor-spacer-inner\"><\/div>\n\t\t<\/div>\n\t\t\t\t\t\t<\/div>\n\t\t\t\t<\/div>\n\t\t\t\t<div class=\"elementor-element elementor-element-cfb0f96 elementor-widget elementor-widget-heading\" data-id=\"cfb0f96\" data-element_type=\"widget\" data-e-type=\"widget\" data-widget_type=\"heading.default\">\n\t\t\t\t<div class=\"elementor-widget-container\">\n\t\t\t\t\t<h1 class=\"elementor-heading-title elementor-size-default\">Rejoignez-nous !<\/h1>\t\t\t\t<\/div>\n\t\t\t\t<\/div>\n\t\t\t\t<div class=\"elementor-element elementor-element-74383ad elementor-widget elementor-widget-text-editor\" data-id=\"74383ad\" data-element_type=\"widget\" data-e-type=\"widget\" data-widget_type=\"text-editor.default\">\n\t\t\t\t<div class=\"elementor-widget-container\">\n\t\t\t\t\t\t\t\t\t<h3>Rejoignez l&#8217;\u00e9quipage\u00a0<br \/>EURO AIRSHIP et ensemble, <br \/>changeons le monde de demain.<\/h3>\t\t\t\t\t\t\t\t<\/div>\n\t\t\t\t<\/div>\n\t\t\t\t<div class=\"elementor-element elementor-element-0b5fb76 elementor-widget elementor-widget-spacer\" data-id=\"0b5fb76\" data-element_type=\"widget\" data-e-type=\"widget\" data-widget_type=\"spacer.default\">\n\t\t\t\t<div class=\"elementor-widget-container\">\n\t\t\t\t\t\t\t<div class=\"elementor-spacer\">\n\t\t\t<div class=\"elementor-spacer-inner\"><\/div>\n\t\t<\/div>\n\t\t\t\t\t\t<\/div>\n\t\t\t\t<\/div>\n\t\t\t\t\t<\/div>\n\t\t<\/div>\n\t\t\t\t\t<\/div>\n\t\t<\/section>\n\t\t\t\t<section class=\"elementor-section elementor-top-section elementor-element elementor-element-f847645 elementor-section-boxed elementor-section-height-default elementor-section-height-default\" data-id=\"f847645\" data-element_type=\"section\" data-e-type=\"section\" data-settings=\"{&quot;background_background&quot;:&quot;classic&quot;}\">\n\t\t\t\t\t\t<div class=\"elementor-container elementor-column-gap-default\">\n\t\t\t\t\t<div class=\"elementor-column elementor-col-100 elementor-top-column elementor-element elementor-element-1f86963\" data-id=\"1f86963\" data-element_type=\"column\" data-e-type=\"column\">\n\t\t\t<div class=\"elementor-widget-wrap elementor-element-populated\">\n\t\t\t\t\t\t<div class=\"elementor-element elementor-element-6f1ee51 elementor-widget elementor-widget-heading\" data-id=\"6f1ee51\" data-element_type=\"widget\" data-e-type=\"widget\" data-widget_type=\"heading.default\">\n\t\t\t\t<div class=\"elementor-widget-container\">\n\t\t\t\t\t<h1 class=\"elementor-heading-title elementor-size-default\">Vous partagez nos valeurs ?<\/h1>\t\t\t\t<\/div>\n\t\t\t\t<\/div>\n\t\t\t\t<div class=\"elementor-element elementor-element-807399e elementor-widget elementor-widget-text-editor\" data-id=\"807399e\" data-element_type=\"widget\" data-e-type=\"widget\" data-widget_type=\"text-editor.default\">\n\t\t\t\t<div class=\"elementor-widget-container\">\n\t\t\t\t\t\t\t\t\t<h4>Les d\u00e9fis actuels nous obligent \u00e0 faire preuve d\u2019ambition, \u00e0 nous engager au sein de projets qui ont du sens, o\u00f9 l\u2019esprit d\u2019\u00e9quipe est la cl\u00e9 pour aller plus loin.<br \/>Participer \u00e0 l\u2019aventure EURO AIRSHIP, c\u2019est prendre conscience des enjeux de la transition \u00e9nerg\u00e9tique et agir en ce sens.<\/h4>\t\t\t\t\t\t\t\t<\/div>\n\t\t\t\t<\/div>\n\t\t\t\t\t<\/div>\n\t\t<\/div>\n\t\t\t\t\t<\/div>\n\t\t<\/section>\n\t\t\t\t<section class=\"elementor-section elementor-top-section elementor-element elementor-element-7afa1fd elementor-section-boxed elementor-section-height-default elementor-section-height-default\" data-id=\"7afa1fd\" data-element_type=\"section\" data-e-type=\"section\">\n\t\t\t\t\t\t<div class=\"elementor-container elementor-column-gap-default\">\n\t\t\t\t\t<div class=\"elementor-column elementor-col-50 elementor-top-column elementor-element elementor-element-1276719\" data-id=\"1276719\" data-element_type=\"column\" data-e-type=\"column\">\n\t\t\t<div class=\"elementor-widget-wrap elementor-element-populated\">\n\t\t\t\t\t\t<div class=\"elementor-element elementor-element-655416d elementor-widget__width-initial elementor-widget elementor-widget-text-editor\" data-id=\"655416d\" data-element_type=\"widget\" data-e-type=\"widget\" data-widget_type=\"text-editor.default\">\n\t\t\t\t<div class=\"elementor-widget-container\">\n\t\t\t\t\t\t\t\t\t<h5><strong>Vous souhaitez obtenir des informations compl\u00e9mentaires ? <\/strong><\/h5>\n<h5>N&#8217;h\u00e9sitez pas \u00e0 nous contacter, nous serons ravis de discuter de cette opportunit\u00e9 avec vous.<\/h5>\t\t\t\t\t\t\t\t<\/div>\n\t\t\t\t<\/div>\n\t\t\t\t\t<\/div>\n\t\t<\/div>\n\t\t\t\t<div class=\"elementor-column elementor-col-50 elementor-top-column elementor-element elementor-element-e7ac955\" data-id=\"e7ac955\" data-element_type=\"column\" data-e-type=\"column\">\n\t\t\t<div class=\"elementor-widget-wrap elementor-element-populated\">\n\t\t\t\t\t\t<div class=\"elementor-element elementor-element-6318e35 elementor-widget__width-initial elementor-widget elementor-widget-text-editor\" data-id=\"6318e35\" data-element_type=\"widget\" data-e-type=\"widget\" data-widget_type=\"text-editor.default\">\n\t\t\t\t<div class=\"elementor-widget-container\">\n\t\t\t\t\t\t\t\t\t<h5><strong>Vous souhaitez postuler ?<\/strong><\/h5>\n<h5>Nous sommes \u00e0 la recherche de personnes talentueuses pour rejoindre notre \u00e9quipe. Si vous \u00eates int\u00e9ress\u00e9 par l\u2019opportunit\u00e9 de travailler sur un projet innovant et de faire partie d\u2019une \u00e9quipe dynamique, \u00e9crivez-nous !<\/h5>\t\t\t\t\t\t\t\t<\/div>\n\t\t\t\t<\/div>\n\t\t\t\t\t<\/div>\n\t\t<\/div>\n\t\t\t\t\t<\/div>\n\t\t<\/section>\n\t\t\t\t<section class=\"elementor-section elementor-top-section elementor-element elementor-element-3902cbe elementor-section-boxed elementor-section-height-default elementor-section-height-default\" data-id=\"3902cbe\" data-element_type=\"section\" data-e-type=\"section\">\n\t\t\t\t\t\t<div class=\"elementor-container elementor-column-gap-default\">\n\t\t\t\t\t<div class=\"elementor-column elementor-col-50 elementor-top-column elementor-element elementor-element-10f5fa8\" data-id=\"10f5fa8\" data-element_type=\"column\" data-e-type=\"column\">\n\t\t\t<div class=\"elementor-widget-wrap elementor-element-populated\">\n\t\t\t\t\t\t<div class=\"elementor-element elementor-element-1f84000 elementor-mobile-align-center elementor-align-center elementor-widget elementor-widget-button\" data-id=\"1f84000\" data-element_type=\"widget\" data-e-type=\"widget\" data-widget_type=\"button.default\">\n\t\t\t\t<div class=\"elementor-widget-container\">\n\t\t\t\t\t\t\t\t\t<div class=\"elementor-button-wrapper\">\n\t\t\t\t\t<a class=\"elementor-button elementor-button-link elementor-size-sm\" href=\"mailto:contact@euroairship.com\">\n\t\t\t\t\t\t<span class=\"elementor-button-content-wrapper\">\n\t\t\t\t\t\t\t\t\t<span class=\"elementor-button-text\">Contactez-nous<\/span>\n\t\t\t\t\t<\/span>\n\t\t\t\t\t<\/a>\n\t\t\t\t<\/div>\n\t\t\t\t\t\t\t\t<\/div>\n\t\t\t\t<\/div>\n\t\t\t\t\t<\/div>\n\t\t<\/div>\n\t\t\t\t<div class=\"elementor-column elementor-col-50 elementor-top-column elementor-element elementor-element-58b8b44\" data-id=\"58b8b44\" data-element_type=\"column\" data-e-type=\"column\">\n\t\t\t<div class=\"elementor-widget-wrap elementor-element-populated\">\n\t\t\t\t\t\t<div class=\"elementor-element elementor-element-3675751 elementor-mobile-align-center elementor-align-center elementor-widget elementor-widget-button\" data-id=\"3675751\" data-element_type=\"widget\" data-e-type=\"widget\" data-widget_type=\"button.default\">\n\t\t\t\t<div class=\"elementor-widget-container\">\n\t\t\t\t\t\t\t\t\t<div class=\"elementor-button-wrapper\">\n\t\t\t\t\t<a class=\"elementor-button elementor-button-link elementor-size-sm\" href=\"mailto:recrutement@euroairship.com\">\n\t\t\t\t\t\t<span class=\"elementor-button-content-wrapper\">\n\t\t\t\t\t\t\t\t\t<span class=\"elementor-button-text\">Postuler<\/span>\n\t\t\t\t\t<\/span>\n\t\t\t\t\t<\/a>\n\t\t\t\t<\/div>\n\t\t\t\t\t\t\t\t<\/div>\n\t\t\t\t<\/div>\n\t\t\t\t\t<\/div>\n\t\t<\/div>\n\t\t\t\t\t<\/div>\n\t\t<\/section>\n\t\t\t\t<footer class=\"elementor-section elementor-top-section elementor-element elementor-element-8db257f elementor-section-full_width elementor-section-content-middle elementor-section-height-default elementor-section-height-default\" data-id=\"8db257f\" data-element_type=\"section\" data-e-type=\"section\" data-settings=\"{&quot;background_background&quot;:&quot;classic&quot;}\">\n\t\t\t\t\t\t<div class=\"elementor-container elementor-column-gap-no\">\n\t\t\t\t\t<div class=\"elementor-column elementor-col-25 elementor-top-column elementor-element elementor-element-4abc12a\" data-id=\"4abc12a\" data-element_type=\"column\" data-e-type=\"column\">\n\t\t\t<div class=\"elementor-widget-wrap elementor-element-populated\">\n\t\t\t\t\t\t<div class=\"elementor-element elementor-element-fa170c7 elementor-widget elementor-widget-image\" data-id=\"fa170c7\" data-element_type=\"widget\" data-e-type=\"widget\" data-widget_type=\"image.default\">\n\t\t\t\t<div class=\"elementor-widget-container\">\n\t\t\t\t\t\t\t\t\t\t\t\t\t\t\t<img fetchpriority=\"high\" decoding=\"async\" width=\"6292\" height=\"1796\" src=\"https:\/\/euroairship.fumipartners.com\/wp-content\/uploads\/2022\/08\/cropped-EuroAirship_logo_white-1-1.png\" class=\"attachment-full size-full wp-image-1403\" alt=\"\" srcset=\"https:\/\/euroairship.fumipartners.com\/wp-content\/uploads\/2022\/08\/cropped-EuroAirship_logo_white-1-1.png 6292w, https:\/\/euroairship.fumipartners.com\/wp-content\/uploads\/2022\/08\/cropped-EuroAirship_logo_white-1-1-300x86.png 300w, https:\/\/euroairship.fumipartners.com\/wp-content\/uploads\/2022\/08\/cropped-EuroAirship_logo_white-1-1-1024x292.png 1024w, https:\/\/euroairship.fumipartners.com\/wp-content\/uploads\/2022\/08\/cropped-EuroAirship_logo_white-1-1-768x219.png 768w, https:\/\/euroairship.fumipartners.com\/wp-content\/uploads\/2022\/08\/cropped-EuroAirship_logo_white-1-1-1536x438.png 1536w, https:\/\/euroairship.fumipartners.com\/wp-content\/uploads\/2022\/08\/cropped-EuroAirship_logo_white-1-1-2048x585.png 2048w\" sizes=\"(max-width: 6292px) 100vw, 6292px\" \/>\t\t\t\t\t\t\t\t\t\t\t\t\t\t\t<\/div>\n\t\t\t\t<\/div>\n\t\t\t\t\t<\/div>\n\t\t<\/div>\n\t\t\t\t<div class=\"elementor-column elementor-col-50 elementor-top-column elementor-element elementor-element-3356150\" data-id=\"3356150\" data-element_type=\"column\" data-e-type=\"column\">\n\t\t\t<div class=\"elementor-widget-wrap elementor-element-populated\">\n\t\t\t\t\t\t<div class=\"elementor-element elementor-element-c126f21 elementor-icon-list--layout-inline elementor-tablet-align-center elementor-align-center elementor-list-item-link-full_width elementor-widget elementor-widget-icon-list\" data-id=\"c126f21\" data-element_type=\"widget\" data-e-type=\"widget\" data-widget_type=\"icon-list.default\">\n\t\t\t\t<div class=\"elementor-widget-container\">\n\t\t\t\t\t\t\t<ul class=\"elementor-icon-list-items elementor-inline-items\">\n\t\t\t\t\t\t\t<li class=\"elementor-icon-list-item elementor-inline-item\">\n\t\t\t\t\t\t\t\t\t\t<span class=\"elementor-icon-list-text\">TECHNOPOLE HELIOPARC 2 AV DU PRESIDENT PIERRE ANGOT, 64000 PAU<\/span>\n\t\t\t\t\t\t\t\t\t<\/li>\n\t\t\t\t\t\t\t\t<li class=\"elementor-icon-list-item elementor-inline-item\">\n\t\t\t\t\t\t\t\t\t\t\t<a href=\"mailto:contact@euroairship.com\" target=\"_blank\">\n\n\t\t\t\t\t\t\t\t\t\t\t<span class=\"elementor-icon-list-text\">contact@euroairship.com<\/span>\n\t\t\t\t\t\t\t\t\t\t\t<\/a>\n\t\t\t\t\t\t\t\t\t<\/li>\n\t\t\t\t\t\t<\/ul>\n\t\t\t\t\t\t<\/div>\n\t\t\t\t<\/div>\n\t\t\t\t\t<\/div>\n\t\t<\/div>\n\t\t\t\t<div class=\"elementor-column elementor-col-25 elementor-top-column elementor-element elementor-element-0740dbe\" data-id=\"0740dbe\" data-element_type=\"column\" data-e-type=\"column\">\n\t\t\t<div class=\"elementor-widget-wrap elementor-element-populated\">\n\t\t\t\t\t\t<div class=\"elementor-element elementor-element-328ae04 elementor-widget elementor-widget-spacer\" data-id=\"328ae04\" data-element_type=\"widget\" data-e-type=\"widget\" data-widget_type=\"spacer.default\">\n\t\t\t\t<div class=\"elementor-widget-container\">\n\t\t\t\t\t\t\t<div class=\"elementor-spacer\">\n\t\t\t<div class=\"elementor-spacer-inner\"><\/div>\n\t\t<\/div>\n\t\t\t\t\t\t<\/div>\n\t\t\t\t<\/div>\n\t\t\t\t\t<\/div>\n\t\t<\/div>\n\t\t\t\t\t<\/div>\n\t\t<\/footer>\n\t\t\t\t<section class=\"elementor-section elementor-top-section elementor-element elementor-element-a379f61 elementor-section-height-min-height elementor-section-content-middle elementor-section-full_width elementor-section-height-default elementor-section-items-middle\" data-id=\"a379f61\" data-element_type=\"section\" data-e-type=\"section\" data-settings=\"{&quot;background_background&quot;:&quot;classic&quot;}\">\n\t\t\t\t\t\t<div class=\"elementor-container elementor-column-gap-no\">\n\t\t\t\t\t<div class=\"elementor-column elementor-col-100 elementor-top-column elementor-element elementor-element-c0e6754\" data-id=\"c0e6754\" data-element_type=\"column\" data-e-type=\"column\" data-settings=\"{&quot;background_background&quot;:&quot;classic&quot;}\">\n\t\t\t<div class=\"elementor-widget-wrap elementor-element-populated\">\n\t\t\t\t\t\t<div class=\"elementor-element elementor-element-b153dda elementor-widget elementor-widget-heading\" data-id=\"b153dda\" data-element_type=\"widget\" data-e-type=\"widget\" data-widget_type=\"heading.default\">\n\t\t\t\t<div class=\"elementor-widget-container\">\n\t\t\t\t\t<p class=\"elementor-heading-title elementor-size-default\">\u00a9 2023 - EURO AIRSHIP - All Rights Reserved<\/p>\t\t\t\t<\/div>\n\t\t\t\t<\/div>\n\t\t\t\t\t<\/div>\n\t\t<\/div>\n\t\t\t\t\t<\/div>\n\t\t<\/section>\n\t\t\t\t<\/div>\n\t\t","protected":false},"excerpt":{"rendered":"<p>Rejoignez-nous ! Rejoignez l&#8217;\u00e9quipage&nbsp; EURO AIRSHIP et ensemble, changeons le monde de demain. Vous partagez nos valeurs ? Les d\u00e9fis actuels nous obligent \u00e0 faire preuve d\u2019ambition, \u00e0 nous engager au sein de projets qui ont du sens, o\u00f9 l\u2019esprit d\u2019\u00e9quipe est la cl\u00e9 pour aller plus loin. Participer \u00e0 l\u2019aventure EURO AIRSHIP, c\u2019est prendre [&hellip;]<\/p>\n","protected":false},"author":1,"featured_media":0,"parent":0,"menu_order":0,"comment_status":"closed","ping_status":"closed","template":"","meta":{"footnotes":""},"class_list":["post-28","page","type-page","status-publish","hentry"],"yoast_head":"<!-- This site is optimized with the Yoast SEO plugin v20.1 - https:\/\/yoast.com\/wordpress\/plugins\/seo\/ -->\n<title>Nous rejoindre - Euroairship<\/title>\n<meta name=\"robots\" content=\"index, follow, max-snippet:-1, max-image-preview:large, max-video-preview:-1\" \/>\n<link rel=\"canonical\" href=\"https:\/\/euroairship.fumipartners.com\/index.php\/nous-rejoindre\/\" \/>\n<meta property=\"og:locale\" content=\"fr_FR\" \/>\n<meta property=\"og:type\" content=\"article\" \/>\n<meta property=\"og:title\" content=\"Nous rejoindre - Euroairship\" \/>\n<meta property=\"og:description\" content=\"Rejoignez-nous ! Rejoignez l&#8217;\u00e9quipage&nbsp; EURO AIRSHIP et ensemble, changeons le monde de demain. Vous partagez nos valeurs ? Les d\u00e9fis actuels nous obligent \u00e0 faire preuve d\u2019ambition, \u00e0 nous engager au sein de projets qui ont du sens, o\u00f9 l\u2019esprit d\u2019\u00e9quipe est la cl\u00e9 pour aller plus loin. Participer \u00e0 l\u2019aventure EURO AIRSHIP, c\u2019est prendre [&hellip;]\" \/>\n<meta property=\"og:url\" content=\"https:\/\/euroairship.fumipartners.com\/index.php\/nous-rejoindre\/\" \/>\n<meta property=\"og:site_name\" content=\"Euroairship\" \/>\n<meta property=\"article:modified_time\" content=\"2023-06-09T12:55:36+00:00\" \/>\n<meta property=\"og:image\" content=\"https:\/\/euroairship.fumipartners.com\/wp-content\/uploads\/2022\/08\/cropped-EuroAirship_logo_white-1-1.png\" \/>\n<meta name=\"twitter:card\" content=\"summary_large_image\" \/>\n<meta name=\"twitter:label1\" content=\"Dur\u00e9e de lecture estim\u00e9e\" \/>\n\t<meta name=\"twitter:data1\" content=\"1 minute\" \/>\n<script type=\"application\/ld+json\" class=\"yoast-schema-graph\">{\"@context\":\"https:\/\/schema.org\",\"@graph\":[{\"@type\":\"WebPage\",\"@id\":\"https:\/\/euroairship.fumipartners.com\/index.php\/nous-rejoindre\/\",\"url\":\"https:\/\/euroairship.fumipartners.com\/index.php\/nous-rejoindre\/\",\"name\":\"Nous rejoindre - Euroairship\",\"isPartOf\":{\"@id\":\"https:\/\/euroairship.fumipartners.com\/#website\"},\"datePublished\":\"2022-08-31T08:39:31+00:00\",\"dateModified\":\"2023-06-09T12:55:36+00:00\",\"breadcrumb\":{\"@id\":\"https:\/\/euroairship.fumipartners.com\/index.php\/nous-rejoindre\/#breadcrumb\"},\"inLanguage\":\"fr-FR\",\"potentialAction\":[{\"@type\":\"ReadAction\",\"target\":[\"https:\/\/euroairship.fumipartners.com\/index.php\/nous-rejoindre\/\"]}]},{\"@type\":\"BreadcrumbList\",\"@id\":\"https:\/\/euroairship.fumipartners.com\/index.php\/nous-rejoindre\/#breadcrumb\",\"itemListElement\":[{\"@type\":\"ListItem\",\"position\":1,\"name\":\"Accueil\",\"item\":\"https:\/\/euroairship.fumipartners.com\/\"},{\"@type\":\"ListItem\",\"position\":2,\"name\":\"Nous rejoindre\"}]},{\"@type\":\"WebSite\",\"@id\":\"https:\/\/euroairship.fumipartners.com\/#website\",\"url\":\"https:\/\/euroairship.fumipartners.com\/\",\"name\":\"Euroairship\",\"description\":\"Cloud Cruising\",\"publisher\":{\"@id\":\"https:\/\/euroairship.fumipartners.com\/#organization\"},\"potentialAction\":[{\"@type\":\"SearchAction\",\"target\":{\"@type\":\"EntryPoint\",\"urlTemplate\":\"https:\/\/euroairship.fumipartners.com\/?s={search_term_string}\"},\"query-input\":\"required name=search_term_string\"}],\"inLanguage\":\"fr-FR\"},{\"@type\":\"Organization\",\"@id\":\"https:\/\/euroairship.fumipartners.com\/#organization\",\"name\":\"Euroairship\",\"url\":\"https:\/\/euroairship.fumipartners.com\/\",\"logo\":{\"@type\":\"ImageObject\",\"inLanguage\":\"fr-FR\",\"@id\":\"https:\/\/euroairship.fumipartners.com\/#\/schema\/logo\/image\/\",\"url\":\"https:\/\/euroairship.fumipartners.com\/wp-content\/uploads\/2022\/08\/EuroAirship_logo_malachite-1-e1676976945871.png\",\"contentUrl\":\"https:\/\/euroairship.fumipartners.com\/wp-content\/uploads\/2022\/08\/EuroAirship_logo_malachite-1-e1676976945871.png\",\"width\":6292,\"height\":1588,\"caption\":\"Euroairship\"},\"image\":{\"@id\":\"https:\/\/euroairship.fumipartners.com\/#\/schema\/logo\/image\/\"}}]}<\/script>\n<!-- \/ Yoast SEO plugin. -->","yoast_head_json":{"title":"Nous rejoindre - Euroairship","robots":{"index":"index","follow":"follow","max-snippet":"max-snippet:-1","max-image-preview":"max-image-preview:large","max-video-preview":"max-video-preview:-1"},"canonical":"https:\/\/euroairship.fumipartners.com\/index.php\/nous-rejoindre\/","og_locale":"fr_FR","og_type":"article","og_title":"Nous rejoindre - Euroairship","og_description":"Rejoignez-nous ! Rejoignez l&#8217;\u00e9quipage&nbsp; EURO AIRSHIP et ensemble, changeons le monde de demain. Vous partagez nos valeurs ? Les d\u00e9fis actuels nous obligent \u00e0 faire preuve d\u2019ambition, \u00e0 nous engager au sein de projets qui ont du sens, o\u00f9 l\u2019esprit d\u2019\u00e9quipe est la cl\u00e9 pour aller plus loin. Participer \u00e0 l\u2019aventure EURO AIRSHIP, c\u2019est prendre [&hellip;]","og_url":"https:\/\/euroairship.fumipartners.com\/index.php\/nous-rejoindre\/","og_site_name":"Euroairship","article_modified_time":"2023-06-09T12:55:36+00:00","og_image":[{"url":"https:\/\/euroairship.fumipartners.com\/wp-content\/uploads\/2022\/08\/cropped-EuroAirship_logo_white-1-1.png"}],"twitter_card":"summary_large_image","twitter_misc":{"Dur\u00e9e de lecture estim\u00e9e":"1 minute"},"schema":{"@context":"https:\/\/schema.org","@graph":[{"@type":"WebPage","@id":"https:\/\/euroairship.fumipartners.com\/index.php\/nous-rejoindre\/","url":"https:\/\/euroairship.fumipartners.com\/index.php\/nous-rejoindre\/","name":"Nous rejoindre - Euroairship","isPartOf":{"@id":"https:\/\/euroairship.fumipartners.com\/#website"},"datePublished":"2022-08-31T08:39:31+00:00","dateModified":"2023-06-09T12:55:36+00:00","breadcrumb":{"@id":"https:\/\/euroairship.fumipartners.com\/index.php\/nous-rejoindre\/#breadcrumb"},"inLanguage":"fr-FR","potentialAction":[{"@type":"ReadAction","target":["https:\/\/euroairship.fumipartners.com\/index.php\/nous-rejoindre\/"]}]},{"@type":"BreadcrumbList","@id":"https:\/\/euroairship.fumipartners.com\/index.php\/nous-rejoindre\/#breadcrumb","itemListElement":[{"@type":"ListItem","position":1,"name":"Accueil","item":"https:\/\/euroairship.fumipartners.com\/"},{"@type":"ListItem","position":2,"name":"Nous rejoindre"}]},{"@type":"WebSite","@id":"https:\/\/euroairship.fumipartners.com\/#website","url":"https:\/\/euroairship.fumipartners.com\/","name":"Euroairship","description":"Cloud Cruising","publisher":{"@id":"https:\/\/euroairship.fumipartners.com\/#organization"},"potentialAction":[{"@type":"SearchAction","target":{"@type":"EntryPoint","urlTemplate":"https:\/\/euroairship.fumipartners.com\/?s={search_term_string}"},"query-input":"required name=search_term_string"}],"inLanguage":"fr-FR"},{"@type":"Organization","@id":"https:\/\/euroairship.fumipartners.com\/#organization","name":"Euroairship","url":"https:\/\/euroairship.fumipartners.com\/","logo":{"@type":"ImageObject","inLanguage":"fr-FR","@id":"https:\/\/euroairship.fumipartners.com\/#\/schema\/logo\/image\/","url":"https:\/\/euroairship.fumipartners.com\/wp-content\/uploads\/2022\/08\/EuroAirship_logo_malachite-1-e1676976945871.png","contentUrl":"https:\/\/euroairship.fumipartners.com\/wp-content\/uploads\/2022\/08\/EuroAirship_logo_malachite-1-e1676976945871.png","width":6292,"height":1588,"caption":"Euroairship"},"image":{"@id":"https:\/\/euroairship.fumipartners.com\/#\/schema\/logo\/image\/"}}]}},"_links":{"self":[{"href":"https:\/\/euroairship.fumipartners.com\/index.php\/wp-json\/wp\/v2\/pages\/28","targetHints":{"allow":["GET"]}}],"collection":[{"href":"https:\/\/euroairship.fumipartners.com\/index.php\/wp-json\/wp\/v2\/pages"}],"about":[{"href":"https:\/\/euroairship.fumipartners.com\/index.php\/wp-json\/wp\/v2\/types\/page"}],"author":[{"embeddable":true,"href":"https:\/\/euroairship.fumipartners.com\/index.php\/wp-json\/wp\/v2\/users\/1"}],"replies":[{"embeddable":true,"href":"https:\/\/euroairship.fumipartners.com\/index.php\/wp-json\/wp\/v2\/comments?post=28"}],"version-history":[{"count":58,"href":"https:\/\/euroairship.fumipartners.com\/index.php\/wp-json\/wp\/v2\/pages\/28\/revisions"}],"predecessor-version":[{"id":2351,"href":"https:\/\/euroairship.fumipartners.com\/index.php\/wp-json\/wp\/v2\/pages\/28\/revisions\/2351"}],"wp:attachment":[{"href":"https:\/\/euroairship.fumipartners.com\/index.php\/wp-json\/wp\/v2\/media?parent=28"}],"curies":[{"name":"wp","href":"https:\/\/api.w.org\/{rel}","templated":true}]}}