{"id":1861,"date":"2023-03-20T17:36:46","date_gmt":"2023-03-20T16:36:46","guid":{"rendered":"https:\/\/euroairship.fumipartners.com\/?page_id=1861"},"modified":"2023-06-09T14:49:14","modified_gmt":"2023-06-09T12:49:14","slug":"nos-valeurs","status":"publish","type":"page","link":"https:\/\/euroairship.fumipartners.com\/index.php\/nos-valeurs\/","title":{"rendered":"Nos valeurs"},"content":{"rendered":"\t\t<div data-elementor-type=\"wp-page\" data-elementor-id=\"1861\" class=\"elementor elementor-1861\">\n\t\t\t\t\t\t<section class=\"elementor-section elementor-top-section elementor-element elementor-element-775dcc17 elementor-section-boxed elementor-section-height-default elementor-section-height-default\" data-id=\"775dcc17\" data-element_type=\"section\" data-e-type=\"section\" data-settings=\"{&quot;background_background&quot;:&quot;classic&quot;}\">\n\t\t\t\t\t\t<div class=\"elementor-container elementor-column-gap-default\">\n\t\t\t\t\t<div class=\"elementor-column elementor-col-100 elementor-top-column elementor-element elementor-element-708e5111\" data-id=\"708e5111\" data-element_type=\"column\" data-e-type=\"column\">\n\t\t\t<div class=\"elementor-widget-wrap elementor-element-populated\">\n\t\t\t\t\t\t<div class=\"elementor-element elementor-element-1d172d7b elementor-widget elementor-widget-heading\" data-id=\"1d172d7b\" data-element_type=\"widget\" data-e-type=\"widget\" data-widget_type=\"heading.default\">\n\t\t\t\t<div class=\"elementor-widget-container\">\n\t\t\t\t\t<h1 class=\"elementor-heading-title elementor-size-default\">Faire d'un r\u00eave, <br>\nune r\u00e9alit\u00e9<\/h1>\t\t\t\t<\/div>\n\t\t\t\t<\/div>\n\t\t\t\t<div class=\"elementor-element elementor-element-25a7d675 elementor-widget elementor-widget-text-editor\" data-id=\"25a7d675\" data-element_type=\"widget\" data-e-type=\"widget\" data-widget_type=\"text-editor.default\">\n\t\t\t\t<div class=\"elementor-widget-container\">\n\t\t\t\t\t\t\t\t\t<h3>Changeons de paradigme, pour r\u00e9pondre au d\u00e9fi de civilisation auquel nous faisons face.<\/h3>\t\t\t\t\t\t\t\t<\/div>\n\t\t\t\t<\/div>\n\t\t\t\t\t<\/div>\n\t\t<\/div>\n\t\t\t\t\t<\/div>\n\t\t<\/section>\n\t\t\t\t<section class=\"elementor-section elementor-top-section elementor-element elementor-element-d8df563 elementor-section-boxed elementor-section-height-default elementor-section-height-default\" data-id=\"d8df563\" data-element_type=\"section\" data-e-type=\"section\" data-settings=\"{&quot;background_background&quot;:&quot;classic&quot;}\">\n\t\t\t\t\t\t<div class=\"elementor-container elementor-column-gap-default\">\n\t\t\t\t\t<div class=\"elementor-column elementor-col-100 elementor-top-column elementor-element elementor-element-dc1b28c\" data-id=\"dc1b28c\" data-element_type=\"column\" data-e-type=\"column\">\n\t\t\t<div class=\"elementor-widget-wrap elementor-element-populated\">\n\t\t\t\t\t\t<div class=\"elementor-element elementor-element-d10985a elementor-widget elementor-widget-heading\" data-id=\"d10985a\" data-element_type=\"widget\" data-e-type=\"widget\" data-widget_type=\"heading.default\">\n\t\t\t\t<div class=\"elementor-widget-container\">\n\t\t\t\t\t<h1 class=\"elementor-heading-title elementor-size-default\">NOS VALEURS<\/h1>\t\t\t\t<\/div>\n\t\t\t\t<\/div>\n\t\t\t\t<div class=\"elementor-element elementor-element-840a3f1 elementor-widget elementor-widget-text-editor\" data-id=\"840a3f1\" data-element_type=\"widget\" data-e-type=\"widget\" data-widget_type=\"text-editor.default\">\n\t\t\t\t<div class=\"elementor-widget-container\">\n\t\t\t\t\t\t\t\t\t<h4>Le monde des transports doit se r\u00e9inventer pour r\u00e9pondre aux enjeux climatiques d&#8217;aujourd&#8217;hui.<\/h4>\t\t\t\t\t\t\t\t<\/div>\n\t\t\t\t<\/div>\n\t\t\t\t\t<\/div>\n\t\t<\/div>\n\t\t\t\t\t<\/div>\n\t\t<\/section>\n\t\t\t\t<section class=\"elementor-section elementor-top-section elementor-element elementor-element-123c33f elementor-section-boxed elementor-section-height-default elementor-section-height-default\" data-id=\"123c33f\" data-element_type=\"section\" data-e-type=\"section\" data-settings=\"{&quot;background_background&quot;:&quot;classic&quot;}\">\n\t\t\t\t\t\t<div class=\"elementor-container elementor-column-gap-default\">\n\t\t\t\t\t<div class=\"elementor-column elementor-col-33 elementor-top-column elementor-element elementor-element-dd1f7ef\" data-id=\"dd1f7ef\" data-element_type=\"column\" data-e-type=\"column\">\n\t\t\t<div class=\"elementor-widget-wrap elementor-element-populated\">\n\t\t\t\t\t\t<div class=\"elementor-element elementor-element-f7ddbe1 elementor-widget elementor-widget-image\" data-id=\"f7ddbe1\" data-element_type=\"widget\" data-e-type=\"widget\" data-widget_type=\"image.default\">\n\t\t\t\t<div class=\"elementor-widget-container\">\n\t\t\t\t\t\t\t\t\t\t\t\t\t\t\t<img fetchpriority=\"high\" decoding=\"async\" width=\"888\" height=\"701\" src=\"https:\/\/euroairship.fumipartners.com\/wp-content\/uploads\/2023\/03\/EuroAirship_Bahamas-scaled-e1679388821836.jpg\" class=\"attachment-full size-full wp-image-1887\" alt=\"\" srcset=\"https:\/\/euroairship.fumipartners.com\/wp-content\/uploads\/2023\/03\/EuroAirship_Bahamas-scaled-e1679388821836.jpg 888w, https:\/\/euroairship.fumipartners.com\/wp-content\/uploads\/2023\/03\/EuroAirship_Bahamas-scaled-e1679388821836-300x237.jpg 300w, https:\/\/euroairship.fumipartners.com\/wp-content\/uploads\/2023\/03\/EuroAirship_Bahamas-scaled-e1679388821836-768x606.jpg 768w\" sizes=\"(max-width: 888px) 100vw, 888px\" \/>\t\t\t\t\t\t\t\t\t\t\t\t\t\t\t<\/div>\n\t\t\t\t<\/div>\n\t\t\t\t<div class=\"elementor-element elementor-element-156bb59 elementor-widget elementor-widget-heading\" data-id=\"156bb59\" data-element_type=\"widget\" data-e-type=\"widget\" data-widget_type=\"heading.default\">\n\t\t\t\t<div class=\"elementor-widget-container\">\n\t\t\t\t\t<h1 class=\"elementor-heading-title elementor-size-default\">L'innovation<\/h1>\t\t\t\t<\/div>\n\t\t\t\t<\/div>\n\t\t\t\t<div class=\"elementor-element elementor-element-0fae61a elementor-widget elementor-widget-text-editor\" data-id=\"0fae61a\" data-element_type=\"widget\" data-e-type=\"widget\" data-widget_type=\"text-editor.default\">\n\t\t\t\t<div class=\"elementor-widget-container\">\n\t\t\t\t\t\t\t\t\t<h5>Chez EURO AIRSHIP, nous mettons l\u2019excellence au service de l\u2019innovation tout en \u00e9tant soucieux de l\u2019\u00e9l\u00e9gance et du raffinement, sans jamais transiger sur la performance. Nous d\u00e9veloppons des bijoux de technologie, efficients et respectueux du monde qui nous entoure.<\/h5>\t\t\t\t\t\t\t\t<\/div>\n\t\t\t\t<\/div>\n\t\t\t\t\t<\/div>\n\t\t<\/div>\n\t\t\t\t<div class=\"elementor-column elementor-col-33 elementor-top-column elementor-element elementor-element-50688e0\" data-id=\"50688e0\" data-element_type=\"column\" data-e-type=\"column\">\n\t\t\t<div class=\"elementor-widget-wrap elementor-element-populated\">\n\t\t\t\t\t\t<div class=\"elementor-element elementor-element-e05ba94 elementor-widget elementor-widget-image\" data-id=\"e05ba94\" data-element_type=\"widget\" data-e-type=\"widget\" data-widget_type=\"image.default\">\n\t\t\t\t<div class=\"elementor-widget-container\">\n\t\t\t\t\t\t\t\t\t\t\t\t\t\t\t<img decoding=\"async\" src=\"https:\/\/euroairship.fumipartners.com\/wp-content\/uploads\/elementor\/thumbs\/drew-dizzy-graham-_Sr03VSKIeg-unsplash-scaled-e1679389807554-q3u1sf2rhbfx6evbfnay6ssiou1nxnigzii7s2f9j4.jpg\" title=\"drew-dizzy-graham-_Sr03VSKIeg-unsplash\" alt=\"drew-dizzy-graham-_Sr03VSKIeg-unsplash\" loading=\"lazy\" \/>\t\t\t\t\t\t\t\t\t\t\t\t\t\t\t<\/div>\n\t\t\t\t<\/div>\n\t\t\t\t<div class=\"elementor-element elementor-element-3bc136a elementor-widget elementor-widget-heading\" data-id=\"3bc136a\" data-element_type=\"widget\" data-e-type=\"widget\" data-widget_type=\"heading.default\">\n\t\t\t\t<div class=\"elementor-widget-container\">\n\t\t\t\t\t<h1 class=\"elementor-heading-title elementor-size-default\">La durabilit\u00e9<\/h1>\t\t\t\t<\/div>\n\t\t\t\t<\/div>\n\t\t\t\t<div class=\"elementor-element elementor-element-414fa0e elementor-widget elementor-widget-text-editor\" data-id=\"414fa0e\" data-element_type=\"widget\" data-e-type=\"widget\" data-widget_type=\"text-editor.default\">\n\t\t\t\t<div class=\"elementor-widget-container\">\n\t\t\t\t\t\t\t\t\t<h5>Nous sommes les pionniers d\u2019une nouvelle mobilit\u00e9 a\u00e9rienne \u00e0 l\u2019\u00e9coute des enjeux climatiques et des g\u00e9n\u00e9rations futures. Avec pour objectif le \u2018Z\u00e9ro Carbone\u2019, nous aurons sans cesse l\u2019envie d\u2019am\u00e9liorer nos actions pour limiter notre impact.<\/h5>\t\t\t\t\t\t\t\t<\/div>\n\t\t\t\t<\/div>\n\t\t\t\t\t<\/div>\n\t\t<\/div>\n\t\t\t\t<div class=\"elementor-column elementor-col-33 elementor-top-column elementor-element elementor-element-68429b0\" data-id=\"68429b0\" data-element_type=\"column\" data-e-type=\"column\">\n\t\t\t<div class=\"elementor-widget-wrap elementor-element-populated\">\n\t\t\t\t\t\t<div class=\"elementor-element elementor-element-fb8e424 elementor-widget elementor-widget-image\" data-id=\"fb8e424\" data-element_type=\"widget\" data-e-type=\"widget\" data-widget_type=\"image.default\">\n\t\t\t\t<div class=\"elementor-widget-container\">\n\t\t\t\t\t\t\t\t\t\t\t\t\t\t\t<img decoding=\"async\" src=\"https:\/\/euroairship.fumipartners.com\/wp-content\/uploads\/elementor\/thumbs\/Lofoten_AerialView-scaled-e1679389028161-q3u182uhldljy6ex7cskqfkfxoaqdfrkiuayxiky68.jpg\" title=\"Aerial view of Reine and Hamnoy at sunset in winter\" alt=\"Aerial view of Reine and Hamnoy at sunset in winter. Amazing Lofoten islands, Norway. Panoramic landscape with blue sea, snowy mountains, rocks, village, buildings, rorbuer, road, bridge, sky.Top view\" loading=\"lazy\" \/>\t\t\t\t\t\t\t\t\t\t\t\t\t\t\t<\/div>\n\t\t\t\t<\/div>\n\t\t\t\t<div class=\"elementor-element elementor-element-23287b0 elementor-widget elementor-widget-heading\" data-id=\"23287b0\" data-element_type=\"widget\" data-e-type=\"widget\" data-widget_type=\"heading.default\">\n\t\t\t\t<div class=\"elementor-widget-container\">\n\t\t\t\t\t<h1 class=\"elementor-heading-title elementor-size-default\">L'exploration<\/h1>\t\t\t\t<\/div>\n\t\t\t\t<\/div>\n\t\t\t\t<div class=\"elementor-element elementor-element-9b085a7 elementor-widget elementor-widget-text-editor\" data-id=\"9b085a7\" data-element_type=\"widget\" data-e-type=\"widget\" data-widget_type=\"text-editor.default\">\n\t\t\t\t<div class=\"elementor-widget-container\">\n\t\t\t\t\t\t\t\t\t<h5>\u00c0 l\u2019aube d\u2019un d\u00e9fi de civilisation auquel nous sommes tous confront\u00e9s, nous pouvons nous r\u00e9jouir d\u2019\u0153uvrer dans cette nouvelle voie et d\u2019offrir un regain de libert\u00e9 et d\u2019exaltation aux g\u00e9n\u00e9rations actuelles.<\/h5>\t\t\t\t\t\t\t\t<\/div>\n\t\t\t\t<\/div>\n\t\t\t\t\t<\/div>\n\t\t<\/div>\n\t\t\t\t\t<\/div>\n\t\t<\/section>\n\t\t\t\t<section class=\"elementor-section elementor-top-section elementor-element elementor-element-8e144e7 elementor-section-boxed elementor-section-height-default elementor-section-height-default\" data-id=\"8e144e7\" data-element_type=\"section\" data-e-type=\"section\">\n\t\t\t\t\t\t<div class=\"elementor-container elementor-column-gap-default\">\n\t\t\t\t\t<div class=\"elementor-column elementor-col-100 elementor-top-column elementor-element elementor-element-3824545\" data-id=\"3824545\" data-element_type=\"column\" data-e-type=\"column\">\n\t\t\t<div class=\"elementor-widget-wrap elementor-element-populated\">\n\t\t\t\t\t\t<div class=\"elementor-element elementor-element-b1a4c80 elementor-mobile-align-center elementor-align-center elementor-widget elementor-widget-button\" data-id=\"b1a4c80\" data-element_type=\"widget\" data-e-type=\"widget\" data-widget_type=\"button.default\">\n\t\t\t\t<div class=\"elementor-widget-container\">\n\t\t\t\t\t\t\t\t\t<div class=\"elementor-button-wrapper\">\n\t\t\t\t\t<a class=\"elementor-button elementor-button-link elementor-size-sm\" href=\"https:\/\/euroairship.fumipartners.com\/index.php\/nous-rejoindre\/\">\n\t\t\t\t\t\t<span class=\"elementor-button-content-wrapper\">\n\t\t\t\t\t\t\t\t\t<span class=\"elementor-button-text\">Nous rejoindre<\/span>\n\t\t\t\t\t<\/span>\n\t\t\t\t\t<\/a>\n\t\t\t\t<\/div>\n\t\t\t\t\t\t\t\t<\/div>\n\t\t\t\t<\/div>\n\t\t\t\t\t<\/div>\n\t\t<\/div>\n\t\t\t\t\t<\/div>\n\t\t<\/section>\n\t\t\t\t<footer class=\"elementor-section elementor-top-section elementor-element elementor-element-122dc4a elementor-section-full_width elementor-section-content-middle elementor-section-height-default elementor-section-height-default\" data-id=\"122dc4a\" data-element_type=\"section\" data-e-type=\"section\" data-settings=\"{&quot;background_background&quot;:&quot;classic&quot;}\">\n\t\t\t\t\t\t<div class=\"elementor-container elementor-column-gap-no\">\n\t\t\t\t\t<div class=\"elementor-column elementor-col-25 elementor-top-column elementor-element elementor-element-aabf2b0\" data-id=\"aabf2b0\" data-element_type=\"column\" data-e-type=\"column\">\n\t\t\t<div class=\"elementor-widget-wrap elementor-element-populated\">\n\t\t\t\t\t\t<div class=\"elementor-element elementor-element-598675c elementor-widget elementor-widget-image\" data-id=\"598675c\" data-element_type=\"widget\" data-e-type=\"widget\" data-widget_type=\"image.default\">\n\t\t\t\t<div class=\"elementor-widget-container\">\n\t\t\t\t\t\t\t\t\t\t\t\t\t\t\t<img decoding=\"async\" width=\"6292\" height=\"1796\" src=\"https:\/\/euroairship.fumipartners.com\/wp-content\/uploads\/2022\/08\/cropped-EuroAirship_logo_white-1-1.png\" class=\"attachment-full size-full wp-image-1403\" alt=\"\" srcset=\"https:\/\/euroairship.fumipartners.com\/wp-content\/uploads\/2022\/08\/cropped-EuroAirship_logo_white-1-1.png 6292w, https:\/\/euroairship.fumipartners.com\/wp-content\/uploads\/2022\/08\/cropped-EuroAirship_logo_white-1-1-300x86.png 300w, https:\/\/euroairship.fumipartners.com\/wp-content\/uploads\/2022\/08\/cropped-EuroAirship_logo_white-1-1-1024x292.png 1024w, https:\/\/euroairship.fumipartners.com\/wp-content\/uploads\/2022\/08\/cropped-EuroAirship_logo_white-1-1-768x219.png 768w, https:\/\/euroairship.fumipartners.com\/wp-content\/uploads\/2022\/08\/cropped-EuroAirship_logo_white-1-1-1536x438.png 1536w, https:\/\/euroairship.fumipartners.com\/wp-content\/uploads\/2022\/08\/cropped-EuroAirship_logo_white-1-1-2048x585.png 2048w\" sizes=\"(max-width: 6292px) 100vw, 6292px\" \/>\t\t\t\t\t\t\t\t\t\t\t\t\t\t\t<\/div>\n\t\t\t\t<\/div>\n\t\t\t\t\t<\/div>\n\t\t<\/div>\n\t\t\t\t<div class=\"elementor-column elementor-col-50 elementor-top-column elementor-element elementor-element-9c2eded\" data-id=\"9c2eded\" data-element_type=\"column\" data-e-type=\"column\">\n\t\t\t<div class=\"elementor-widget-wrap elementor-element-populated\">\n\t\t\t\t\t\t<div class=\"elementor-element elementor-element-f99dd67 elementor-icon-list--layout-inline elementor-tablet-align-center elementor-align-center elementor-list-item-link-full_width elementor-widget elementor-widget-icon-list\" data-id=\"f99dd67\" data-element_type=\"widget\" data-e-type=\"widget\" data-widget_type=\"icon-list.default\">\n\t\t\t\t<div class=\"elementor-widget-container\">\n\t\t\t\t\t\t\t<ul class=\"elementor-icon-list-items elementor-inline-items\">\n\t\t\t\t\t\t\t<li class=\"elementor-icon-list-item elementor-inline-item\">\n\t\t\t\t\t\t\t\t\t\t<span class=\"elementor-icon-list-text\">TECHNOPOLE HELIOPARC 2 AV DU PRESIDENT PIERRE ANGOT, 64000 PAU<\/span>\n\t\t\t\t\t\t\t\t\t<\/li>\n\t\t\t\t\t\t\t\t<li class=\"elementor-icon-list-item elementor-inline-item\">\n\t\t\t\t\t\t\t\t\t\t\t<a href=\"mailto:contact@euroairship.com\" target=\"_blank\">\n\n\t\t\t\t\t\t\t\t\t\t\t<span class=\"elementor-icon-list-text\">contact@euroairship.com<\/span>\n\t\t\t\t\t\t\t\t\t\t\t<\/a>\n\t\t\t\t\t\t\t\t\t<\/li>\n\t\t\t\t\t\t<\/ul>\n\t\t\t\t\t\t<\/div>\n\t\t\t\t<\/div>\n\t\t\t\t\t<\/div>\n\t\t<\/div>\n\t\t\t\t<div class=\"elementor-column elementor-col-25 elementor-top-column elementor-element elementor-element-10ddf6e\" data-id=\"10ddf6e\" data-element_type=\"column\" data-e-type=\"column\">\n\t\t\t<div class=\"elementor-widget-wrap elementor-element-populated\">\n\t\t\t\t\t\t<div class=\"elementor-element elementor-element-a8e2fbe elementor-widget elementor-widget-spacer\" data-id=\"a8e2fbe\" data-element_type=\"widget\" data-e-type=\"widget\" data-widget_type=\"spacer.default\">\n\t\t\t\t<div class=\"elementor-widget-container\">\n\t\t\t\t\t\t\t<div class=\"elementor-spacer\">\n\t\t\t<div class=\"elementor-spacer-inner\"><\/div>\n\t\t<\/div>\n\t\t\t\t\t\t<\/div>\n\t\t\t\t<\/div>\n\t\t\t\t\t<\/div>\n\t\t<\/div>\n\t\t\t\t\t<\/div>\n\t\t<\/footer>\n\t\t\t\t<section class=\"elementor-section elementor-top-section elementor-element elementor-element-bea0935 elementor-section-height-min-height elementor-section-content-middle elementor-section-full_width elementor-section-height-default elementor-section-items-middle\" data-id=\"bea0935\" data-element_type=\"section\" data-e-type=\"section\" data-settings=\"{&quot;background_background&quot;:&quot;classic&quot;}\">\n\t\t\t\t\t\t<div class=\"elementor-container elementor-column-gap-no\">\n\t\t\t\t\t<div class=\"elementor-column elementor-col-100 elementor-top-column elementor-element elementor-element-d068f58\" data-id=\"d068f58\" data-element_type=\"column\" data-e-type=\"column\" data-settings=\"{&quot;background_background&quot;:&quot;classic&quot;}\">\n\t\t\t<div class=\"elementor-widget-wrap elementor-element-populated\">\n\t\t\t\t\t\t<div class=\"elementor-element elementor-element-091caec elementor-widget elementor-widget-heading\" data-id=\"091caec\" data-element_type=\"widget\" data-e-type=\"widget\" data-widget_type=\"heading.default\">\n\t\t\t\t<div class=\"elementor-widget-container\">\n\t\t\t\t\t<p class=\"elementor-heading-title elementor-size-default\">\u00a9 2023 - EURO AIRSHIP - All Rights Reserved<\/p>\t\t\t\t<\/div>\n\t\t\t\t<\/div>\n\t\t\t\t\t<\/div>\n\t\t<\/div>\n\t\t\t\t\t<\/div>\n\t\t<\/section>\n\t\t\t\t<\/div>\n\t\t","protected":false},"excerpt":{"rendered":"<p>Faire d&#8217;un r\u00eave, une r\u00e9alit\u00e9 Changeons de paradigme, pour r\u00e9pondre au d\u00e9fi de civilisation auquel nous faisons face. NOS VALEURS Le monde des transports doit se r\u00e9inventer pour r\u00e9pondre aux enjeux climatiques d&#8217;aujourd&#8217;hui. L&#8217;innovation Chez EURO AIRSHIP, nous mettons l\u2019excellence au service de l\u2019innovation tout en \u00e9tant soucieux de l\u2019\u00e9l\u00e9gance et du raffinement, sans jamais [&hellip;]<\/p>\n","protected":false},"author":2,"featured_media":0,"parent":0,"menu_order":0,"comment_status":"closed","ping_status":"closed","template":"","meta":{"footnotes":""},"class_list":["post-1861","page","type-page","status-publish","hentry"],"yoast_head":"<!-- This site is optimized with the Yoast SEO plugin v20.1 - https:\/\/yoast.com\/wordpress\/plugins\/seo\/ -->\n<title>Nos valeurs - Euroairship<\/title>\n<meta name=\"robots\" content=\"index, follow, max-snippet:-1, max-image-preview:large, max-video-preview:-1\" \/>\n<link rel=\"canonical\" href=\"https:\/\/euroairship.fumipartners.com\/index.php\/nos-valeurs\/\" \/>\n<meta property=\"og:locale\" content=\"fr_FR\" \/>\n<meta property=\"og:type\" content=\"article\" \/>\n<meta property=\"og:title\" content=\"Nos valeurs - Euroairship\" \/>\n<meta property=\"og:description\" content=\"Faire d&#8217;un r\u00eave, une r\u00e9alit\u00e9 Changeons de paradigme, pour r\u00e9pondre au d\u00e9fi de civilisation auquel nous faisons face. NOS VALEURS Le monde des transports doit se r\u00e9inventer pour r\u00e9pondre aux enjeux climatiques d&#8217;aujourd&#8217;hui. L&#8217;innovation Chez EURO AIRSHIP, nous mettons l\u2019excellence au service de l\u2019innovation tout en \u00e9tant soucieux de l\u2019\u00e9l\u00e9gance et du raffinement, sans jamais [&hellip;]\" \/>\n<meta property=\"og:url\" content=\"https:\/\/euroairship.fumipartners.com\/index.php\/nos-valeurs\/\" \/>\n<meta property=\"og:site_name\" content=\"Euroairship\" \/>\n<meta property=\"article:modified_time\" content=\"2023-06-09T12:49:14+00:00\" \/>\n<meta property=\"og:image\" content=\"https:\/\/euroairship.fumipartners.com\/wp-content\/uploads\/2023\/03\/EuroAirship_Bahamas-scaled-e1679388821836.jpg\" \/>\n<meta name=\"twitter:card\" content=\"summary_large_image\" \/>\n<meta name=\"twitter:label1\" content=\"Dur\u00e9e de lecture estim\u00e9e\" \/>\n\t<meta name=\"twitter:data1\" content=\"2 minutes\" \/>\n<script type=\"application\/ld+json\" class=\"yoast-schema-graph\">{\"@context\":\"https:\/\/schema.org\",\"@graph\":[{\"@type\":\"WebPage\",\"@id\":\"https:\/\/euroairship.fumipartners.com\/index.php\/nos-valeurs\/\",\"url\":\"https:\/\/euroairship.fumipartners.com\/index.php\/nos-valeurs\/\",\"name\":\"Nos valeurs - Euroairship\",\"isPartOf\":{\"@id\":\"https:\/\/euroairship.fumipartners.com\/#website\"},\"datePublished\":\"2023-03-20T16:36:46+00:00\",\"dateModified\":\"2023-06-09T12:49:14+00:00\",\"breadcrumb\":{\"@id\":\"https:\/\/euroairship.fumipartners.com\/index.php\/nos-valeurs\/#breadcrumb\"},\"inLanguage\":\"fr-FR\",\"potentialAction\":[{\"@type\":\"ReadAction\",\"target\":[\"https:\/\/euroairship.fumipartners.com\/index.php\/nos-valeurs\/\"]}]},{\"@type\":\"BreadcrumbList\",\"@id\":\"https:\/\/euroairship.fumipartners.com\/index.php\/nos-valeurs\/#breadcrumb\",\"itemListElement\":[{\"@type\":\"ListItem\",\"position\":1,\"name\":\"Accueil\",\"item\":\"https:\/\/euroairship.fumipartners.com\/\"},{\"@type\":\"ListItem\",\"position\":2,\"name\":\"Nos valeurs\"}]},{\"@type\":\"WebSite\",\"@id\":\"https:\/\/euroairship.fumipartners.com\/#website\",\"url\":\"https:\/\/euroairship.fumipartners.com\/\",\"name\":\"Euroairship\",\"description\":\"Cloud Cruising\",\"publisher\":{\"@id\":\"https:\/\/euroairship.fumipartners.com\/#organization\"},\"potentialAction\":[{\"@type\":\"SearchAction\",\"target\":{\"@type\":\"EntryPoint\",\"urlTemplate\":\"https:\/\/euroairship.fumipartners.com\/?s={search_term_string}\"},\"query-input\":\"required name=search_term_string\"}],\"inLanguage\":\"fr-FR\"},{\"@type\":\"Organization\",\"@id\":\"https:\/\/euroairship.fumipartners.com\/#organization\",\"name\":\"Euroairship\",\"url\":\"https:\/\/euroairship.fumipartners.com\/\",\"logo\":{\"@type\":\"ImageObject\",\"inLanguage\":\"fr-FR\",\"@id\":\"https:\/\/euroairship.fumipartners.com\/#\/schema\/logo\/image\/\",\"url\":\"https:\/\/euroairship.fumipartners.com\/wp-content\/uploads\/2022\/08\/EuroAirship_logo_malachite-1-e1676976945871.png\",\"contentUrl\":\"https:\/\/euroairship.fumipartners.com\/wp-content\/uploads\/2022\/08\/EuroAirship_logo_malachite-1-e1676976945871.png\",\"width\":6292,\"height\":1588,\"caption\":\"Euroairship\"},\"image\":{\"@id\":\"https:\/\/euroairship.fumipartners.com\/#\/schema\/logo\/image\/\"}}]}<\/script>\n<!-- \/ Yoast SEO plugin. -->","yoast_head_json":{"title":"Nos valeurs - Euroairship","robots":{"index":"index","follow":"follow","max-snippet":"max-snippet:-1","max-image-preview":"max-image-preview:large","max-video-preview":"max-video-preview:-1"},"canonical":"https:\/\/euroairship.fumipartners.com\/index.php\/nos-valeurs\/","og_locale":"fr_FR","og_type":"article","og_title":"Nos valeurs - Euroairship","og_description":"Faire d&#8217;un r\u00eave, une r\u00e9alit\u00e9 Changeons de paradigme, pour r\u00e9pondre au d\u00e9fi de civilisation auquel nous faisons face. NOS VALEURS Le monde des transports doit se r\u00e9inventer pour r\u00e9pondre aux enjeux climatiques d&#8217;aujourd&#8217;hui. L&#8217;innovation Chez EURO AIRSHIP, nous mettons l\u2019excellence au service de l\u2019innovation tout en \u00e9tant soucieux de l\u2019\u00e9l\u00e9gance et du raffinement, sans jamais [&hellip;]","og_url":"https:\/\/euroairship.fumipartners.com\/index.php\/nos-valeurs\/","og_site_name":"Euroairship","article_modified_time":"2023-06-09T12:49:14+00:00","og_image":[{"url":"https:\/\/euroairship.fumipartners.com\/wp-content\/uploads\/2023\/03\/EuroAirship_Bahamas-scaled-e1679388821836.jpg"}],"twitter_card":"summary_large_image","twitter_misc":{"Dur\u00e9e de lecture estim\u00e9e":"2 minutes"},"schema":{"@context":"https:\/\/schema.org","@graph":[{"@type":"WebPage","@id":"https:\/\/euroairship.fumipartners.com\/index.php\/nos-valeurs\/","url":"https:\/\/euroairship.fumipartners.com\/index.php\/nos-valeurs\/","name":"Nos valeurs - Euroairship","isPartOf":{"@id":"https:\/\/euroairship.fumipartners.com\/#website"},"datePublished":"2023-03-20T16:36:46+00:00","dateModified":"2023-06-09T12:49:14+00:00","breadcrumb":{"@id":"https:\/\/euroairship.fumipartners.com\/index.php\/nos-valeurs\/#breadcrumb"},"inLanguage":"fr-FR","potentialAction":[{"@type":"ReadAction","target":["https:\/\/euroairship.fumipartners.com\/index.php\/nos-valeurs\/"]}]},{"@type":"BreadcrumbList","@id":"https:\/\/euroairship.fumipartners.com\/index.php\/nos-valeurs\/#breadcrumb","itemListElement":[{"@type":"ListItem","position":1,"name":"Accueil","item":"https:\/\/euroairship.fumipartners.com\/"},{"@type":"ListItem","position":2,"name":"Nos valeurs"}]},{"@type":"WebSite","@id":"https:\/\/euroairship.fumipartners.com\/#website","url":"https:\/\/euroairship.fumipartners.com\/","name":"Euroairship","description":"Cloud Cruising","publisher":{"@id":"https:\/\/euroairship.fumipartners.com\/#organization"},"potentialAction":[{"@type":"SearchAction","target":{"@type":"EntryPoint","urlTemplate":"https:\/\/euroairship.fumipartners.com\/?s={search_term_string}"},"query-input":"required name=search_term_string"}],"inLanguage":"fr-FR"},{"@type":"Organization","@id":"https:\/\/euroairship.fumipartners.com\/#organization","name":"Euroairship","url":"https:\/\/euroairship.fumipartners.com\/","logo":{"@type":"ImageObject","inLanguage":"fr-FR","@id":"https:\/\/euroairship.fumipartners.com\/#\/schema\/logo\/image\/","url":"https:\/\/euroairship.fumipartners.com\/wp-content\/uploads\/2022\/08\/EuroAirship_logo_malachite-1-e1676976945871.png","contentUrl":"https:\/\/euroairship.fumipartners.com\/wp-content\/uploads\/2022\/08\/EuroAirship_logo_malachite-1-e1676976945871.png","width":6292,"height":1588,"caption":"Euroairship"},"image":{"@id":"https:\/\/euroairship.fumipartners.com\/#\/schema\/logo\/image\/"}}]}},"_links":{"self":[{"href":"https:\/\/euroairship.fumipartners.com\/index.php\/wp-json\/wp\/v2\/pages\/1861","targetHints":{"allow":["GET"]}}],"collection":[{"href":"https:\/\/euroairship.fumipartners.com\/index.php\/wp-json\/wp\/v2\/pages"}],"about":[{"href":"https:\/\/euroairship.fumipartners.com\/index.php\/wp-json\/wp\/v2\/types\/page"}],"author":[{"embeddable":true,"href":"https:\/\/euroairship.fumipartners.com\/index.php\/wp-json\/wp\/v2\/users\/2"}],"replies":[{"embeddable":true,"href":"https:\/\/euroairship.fumipartners.com\/index.php\/wp-json\/wp\/v2\/comments?post=1861"}],"version-history":[{"count":45,"href":"https:\/\/euroairship.fumipartners.com\/index.php\/wp-json\/wp\/v2\/pages\/1861\/revisions"}],"predecessor-version":[{"id":2348,"href":"https:\/\/euroairship.fumipartners.com\/index.php\/wp-json\/wp\/v2\/pages\/1861\/revisions\/2348"}],"wp:attachment":[{"href":"https:\/\/euroairship.fumipartners.com\/index.php\/wp-json\/wp\/v2\/media?parent=1861"}],"curies":[{"name":"wp","href":"https:\/\/api.w.org\/{rel}","templated":true}]}}